0010111000100
Convert 7a4 (base 14) to base 9.
2064
Convert -35236 (base 8) to base 6.
-153250
What is 111000100 (base 2) in base 3?
121202
-202022102 (base 3) to base 10
-14807
Convert 1320105 (base 6) to base 16.
11ba9
Convert 322113 (base 4) to base 2.
111010010111
-11502 (base 8) to base 6
-34454
Convert 3d8 (base 16) to base 5.
12414
-442 (base 16) to base 13
-65b
2c (base 13) to base 9
42
Convert 525 (base 12) to base 7.
2120
Convert 2a819 (base 12) to base 9.
101173
What is 919 (base 15) in base 8?
4001
-22424 (base 5) to base 14
-834
What is -1260 (base 14) in base 11?
-2468
Convert -b03 (base 16) to base 10.
-2819
5b42 (base 14) to base 10
15934
What is 1212204 (base 5) in base 16?
5914
Convert -15781 (base 10) to base 4.
-3312211
What is 1101010011 (base 2) in base 4?
31103
Convert 2101 (base 6) to base 5.
3334
1110110 (base 2) to base 11
a8
What is ce2 (base 15) in base 11?
2208
110021212 (base 3) to base 7
35060
Convert 8b76 (base 12) to base 16.
3c8a
Convert 422 (base 12) to base 7.
1520
1751 (base 16) to base 10
5969
-131113 (base 4) to base 3
-2120121
-c14 (base 13) to base 4
-133331
What is 79c (base 15) in base 3?
2100210
Convert -4d8 (base 16) to base 6.
-5424
What is -12232 (base 5) in base 15?
-42c
Convert 275 (base 10) to base 14.
159
21303 (base 5) to base 7
4144
Convert -2001 (base 5) to base 14.
-13d
Convert -4373 (base 9) to base 11.
-2472
Convert 467 (base 12) to base 2.
1010001111
Convert 2311 (base 5) to base 3.
110021
Convert -9580 (base 12) to base 16.
-3ff0
-3102202 (base 5) to base 3
-2120000001
Convert 50070 (base 8) to base 6.
235024
8170 (base 9) to base 15
1b86
Convert -411 (base 9) to base 6.
-1314
32231 (base 6) to base 10
4411
What is -253540 (base 6) in base 3?
-1011101120
-1120010022 (base 3) to base 16
-77f3
1330311 (base 4) to base 16
1f35
Convert -65 (base 14) to base 15.
-5e
What is 386 (base 10) in base 9?
468
117145 (base 8) to base 10
40549
What is 100111100100 (base 2) in base 4?
213210
What is 13fad (base 16) in base 11?
56538
-21605 (base 8) to base 5
-242333
Convert -1900 (base 12) to base 15.
-d69
-335 (base 6) to base 5
-1011
Convert 358 (base 9) to base 10.
296
-112210 (base 5) to base 14
-1699
What is 106 (base 7) in base 11?
50
Convert -430c (base 13) to base 4.
-2101123
What is -2b9 (base 15) in base 9?
-763
2744 (base 8) to base 10
1508
-1001 (base 14) to base 15
-c30
-1101011 (base 2) to base 6
-255
-5551 (base 6) to base 5
-20131
What is 33743 (base 12) in base 8?
205543
What is -195 (base 14) in base 13?
-1c2
-13725 (base 8) to base 3
-22100222
Convert 1167 (base 8) to base 11.
524
What is -123 (base 7) in base 11?
-60
-11231020 (base 4) to base 12
-11634
What is -1648 (base 14) in base 8?
-7620
Convert -11011011010 (base 2) to base 5.
-24004
Convert -179 (base 13) to base 12.
-1a5
Convert 113311 (base 4) to base 12.
a71
What is 2c1 (base 15) in base 5?
10011
Convert 1267 (base 10) to base 11.
a52
6127 (base 13) to base 4
3101020
What is -11022010 (base 3) in base 12?
-1993
Convert 1101110011100 (base 2) to base 7.
26415
Convert 4164 (base 8) to base 16.
874
What is -41242 (base 7) in base 13?
-4780
What is -210112111 (base 3) in base 15?
-49ba
1246 (base 12) to base 4
200112
What is 690 (base 13) in base 7?
3204
-4e9c (base 15) to base 8
-40635
What is -1444 (base 5) in base 4?
-3321
-1240 (base 12) to base 16
-810
17645 (base 11) to base 15
74dd
What is 30313 (base 9) in base 16?
4de2
What is -11100101010011 (base 2) in base 5?
-432200
1000443 (base 5) to base 10
15748
14444 (base 6) to base 14
bc8
241 (base 14) to base 4
13001
33227 (base 8) to base 12
8107
-7a72 (base 13) to base 11
-11992
What is 11814 (base 10) in base 3?
121012120
Convert -4275 (base 8) to base 6.
-14205
-5351 (base 10) to base 15
-18bb
1dc (base 15) to base 16
1b0
-857 (base 11) to base 12
-71a
What is 1310033 (base 4) in base 10?
7439
-1111101010010 (base 2) to base 15
-2598
Convert -361 (base 10) to base 8.
-551
What is 6223 (base 7) in base 2?
100001111101
What is -25688 (base 12) in base 2?
-1100011110001000
519a (base 15) to base 13
7b07
326 (base 13) to base 12
38b
What is 1020322 (base 4) in base 12?
284a
What is 11030122 (base 4) in base 15?
6484
What is -24683 (base 12) in base 8?
-140303
211211 (base 5) to base 10
7056
83 (base 9) to base 16
4b
122212 (base 4) to base 12
b9a
What is 2121122 (base 4) in base 5?
303233
Convert 1001100011 (base 2) to base 5.
4421
What is 4043 (base 5) in base 9?
641
d340 (base 14) to base 2
1000110111011100
Convert -8707 (base 9) to base 7.
-24451
What is -a11 (base 15) in base 12?
-138a
2443313 (base 5) to base 7
253114
Convert 17437 (base 8) to base 12.
473b
-1a81 (base 11) to base 4
-221012
-15c8 (base 14) to base 4
-330330
Convert 457 (base 8) to base 12.
213
What is 1494 (base 13) in base 10?
2994
124304 (base 5) to base 6
34534
Convert 11a91 (base 14) to base 13.
168b9
Convert 23412 (base 8) to base 7.
41065
What is -15706 (base 14) in base 15?
-10cc9
Convert 110031 (base 4) to base 14.
685
Convert 3586 (base 10) to base 8.
7002
Convert 52143 (base 6) to base 15.
2100
fc7b (base 16) to base 5
4032020
610 (base 10) to base 9
747
What is -342 (base 6) in base 2?
-10000110
-66f (base 16) to base 5
-23042
-10705 (base 8) to base 2
-1000111000101
What is 2021022021 (base 3) in base 4?
22322110
Convert 42043 (base 6) to base 16.
160b
Convert 1426 (base 11) to base 10.
1843
Convert -234310 (base 5) to base 15.
-28a5
Convert 1000100111 (base 2) to base 11.
461
What is 11933 (base 10) in base 7?
46535
Convert -a5d (base 14) to base 11.
-1598
What is -11bb1 (base 13) in base 5?
-2022021
179 (base 12) to base 8
355
-2b4 (base 15) to base 3
-211221
Convert -301 (base 4) to base 13.
-3a
What is -2120314 (base 5) in base 6?
-433153
What is 2317 (base 8) in base 16?
4cf
-380 (base 12) to base 5
-4103
Convert -468 (base 16) to base 14.
-5a8
Convert 2410 (base 5) to base 11.
2a3
Convert 4023 (base 14) to base 6.
122543
What is 105525 (base 6) in base 12?
52a5
What is 3102 (base 4) in base 8?
322
Convert -16934 (base 15) to base 7.
-422452
-10011110000 (base 2) to base 12
-894
What is -211110 (base 3) in base 8?
-1136
What is -40df (base 16) in base 14?
-60a3
Convert -344 (base 8) to base 3.
-22110
What is -460 (base 7) in base 10?
-238
What is 5453 (base 11) in base 9?
10776
Convert 31302 (base 6) to base 14.
1770
-745 (base 10) to base 14
-3b3
What is 4506 (base 7) in base 14?
83d
What is -82 (base 12) in base 4?
-1202
-1100011011111 (base 2) to base 10
-6367
What is 2795 (base 11) in base 6?
24421
What is 110101001100101 (base 2) in base 14?
9cd7
Convert 3042 (base 5) to base 8.
615
-1460 (base 12) to base 14
-c1a
What is -244531 (base 6) in base 7?
-120361
Convert 132000 (base 6) to base 10.
12096
Convert 21400 (base 8) to base 7.
35060
1210 (base 6) to base 4
10212
What is 166 (base 8) in base 6?
314
-577 (base 12) to base 2
-1100101011
Convert -1207 (base 10) to base 9.
-1581
9b4 (base 13) to base 5
23133
-3882 (base 10) to base 16
-f2a
Convert 261425 (base 7) to base 15.
e5d8
Convert 131265 (base 8) to base 12.
22585
-948 (base 10) to base 16
-3b4
What is -16 (base 11) in base 14?
-13
Convert 32979 (base 11) to base 10.
47760
72515 (base 8) to base 15
8d6e
255 (base 8) to base 14
c5
Convert 2300 (base 5) to base 12.
231
1043100 (base 6) to base 4
30310230
Convert -8884 (base 9) to base 15.
-1e21
What is -110110110110 (base 2) in base 3?
-11211000
-1033031 (base 5) to base 7
-103106
-1023454 (base 6) to base 3
-2112200121
-b82 (base 15) to base 16
-a25
-145130 (base 6) to base 9
-21300
Convert -123100 (base 4) to base 14.
-8c8
Convert -33101 (base 5) to base 13.
-1061
1602 (base 9) to base 4
103001
What is -3026 (base 7) in base 10?
-1049
Convert 2152 (base 7) to base 10.
772
-287 (base 14) to base 15
-241
What is 14003 (base 5) in base 15?
503
-65735 (base 8) to base 10
-27613
What is 186c (base 16) in base 5?
200002
Convert 56ea (base 16) to base 7.
121604
8894 (base 15) to base 5
1411224
What is -113313 (base 4) in base 3?
-2002120
What is -13b2 (base 13) in base 15?
-c9e
-211312 (base 4) to base 11
-1902
-10210112 (base 3) to base 8
-5320
What is 139 (base 10) in base 7?
256
Convert -663 (base 12) to base 8.
-1653
What is 1031010 (base 4) in base 16?
1344
What is 3